4/9*6/(-4). Let s be l(c). Let q = s + -4. What is the greatest common divisor of 55 and q?
11
Suppose -3*l - 4*p = -15, l - 4*p = -5 - 6. Let d = 1 + l. Calculate the highest common factor of d and 6.
2
Suppose 5*r - 21*r = -112. What is the highest common factor of r and 63?
7
Suppose 0*a - 3*a - 15 = 0. Let v(f) = f**2 + 3*f + 6. Let o be v(a). What is the greatest common factor of o and 176?
16
Let l(n) = -n**3 - 9*n**2 + n + 12. Let i be l(-9). Suppose x - 47 = -b, b - 2*b + 51 = -i*x. What is the highest common divisor of 12 and b?
12
Let x = 111 + -103. Calculate the greatest common factor of 56 and x.
8
Suppose -r = 2*r - 45. Let f be (-18)/r*(-140)/6. What is the highest common divisor of 7 and f?
7
Let n(z) = z**2 + z - 2. Suppose -3*b - 20 = -8*b. Let p be n(b). Calculate the greatest common divisor of 9 and p.
9
Let d = -11 + 17. Let t = -2 + 7. Suppose 100 = t*s - 20. Calculate the highest common divisor of d and s.
6
Let q be 0 + 0 + 2 + -2. Let n be (2 - q)/(-6)*-75. Calculate the greatest common factor of n and 50.
25
Let m be 1/1 + 1 - 31. Let p = -5 - m. What is the highest common divisor of 3 and p?
3
Let y = 4 - -12. What is the greatest common divisor of y and 8?
8
Let n(b) = 5*b**2 - 30*b - 7. Let p be n(7). Calculate the highest common divisor of p and 4.
4
Suppose -1 = 5*u - 26. Suppose -165 = -u*n - 45. Suppose -5*z + 4*d + 88 = 0, 5*z - d + 5*d - 72 = 0. What is the greatest common divisor of n and z?
8
Suppose -c - 2*c + 36 = 0. Let u(g) = 2*g**2 + 14*g - 12. Let m be u(-8). What is the highest common factor of c and m?
4
Let c = 9 + -4. Let p = c + 6. Calculate the greatest common factor of 88 and p.
11
Let v(z) = z + 10. Let f be v(-8). Suppose 5*n = -4*g + 5, -2*g = -4*n - n + 5. What is the greatest common factor of n and f?
1
Let x = 65 + -44. Calculate the greatest common divisor of 168 and x.
21
Suppose z - 2*z + 2 = 0. Suppose -4*t + z = -2*n, -18 = -2*n + t - 2*t. Calculate the highest common divisor of 7 and n.
7
Let v(r) be the third derivative of -r**6/120 - r**5/20 + 5*r**4/24 + 5*r**3/6 + 8*r**2. Let n be v(-5). Calculate the highest common factor of 12 and n.
6
Let w(m) = -80*m. Let p be w(-1). Suppose -i - t + 2*t = -37, t = -2*i + 59. What is the greatest common divisor of i and p?
16
Let j(v) = -8*v + 8. Let u be j(-6). Let n(z) = -2*z. Suppose 23 = -5*r - 12. Let q be n(r). Calculate the greatest common factor of u and q.
14
Let b(v) = 7*v - 3. Let y be b(3). Let u be 194 + 1 + y/6. Calculate the highest common divisor of u and 22.
22
Let f(i) = -i**3 - i + 16. Let m be f(0). Calculate the highest common divisor of 2 and m.
2
Suppose 2*n + 14*n = 1408. What is the highest common factor of 11 and n?
11
Suppose 39 = -0*z + 3*z. Let w(n) = -13*n + 11. Let q be w(-8). Let k = 219 - q. What is the greatest common factor of z and k?
13
Let s(x) = -2*x + 9. Let u be s(-8). Suppose -c = 4*c - u. Suppose -3 = -c*d + 7. Calculate the greatest common divisor of 8 and d.
2
Let j be (-2*28/(-12))/((-8)/(-60)). Calculate the highest common factor of j and 385.
35
Suppose 2*a + a = 630. Let s be (54/15)/(9/a). What is the greatest common factor of s and 12?
12
Let k be -3 + 0/(-2) + 11. Let w be 2/4*(3 - -21). Calculate the highest common factor of w and k.
4
Let k = -30 + 48. Calculate the highest common factor of 144 and k.
18
Let a = 55 + -31. Calculate the highest common factor of a and 16.
8
Let i(k) = 11*k - 11*k + 57*k**2. Let v be i(-1). Let j = -41 + v. What is the highest common factor of 4 and j?
4
Let h = -76 - -116. Calculate the greatest common factor of h and 16.
8
Let k(i) be the third derivative of 11*i**5/12 + i**4/24 + 2*i**2. Let h be k(1). Calculate the highest common divisor of 7 and h.
7
Let d(w) = 8*w**3 - 5*w**2 + 5*w - 10. Let f be d(3). What is the highest common divisor of f and 16?
16
Let k(l) = 15*l**2 - 3*l + 2. Let w be k(5). Suppose w = 3*f + 2*n, 4*f + 0*n = -n + 481. Calculate the highest common divisor of 30 and f.
30
Suppose 27 = 5*i + k + 4, i + k = 7. Suppose 0 = -4*s - s - 5*u + 20, -5*u = -2*s - 6. Calculate the greatest common factor of i and s.
2
Let x = -24 - -36. What is the highest common factor of 108 and x?
12
Suppose -2*j + 3*w - 20 = 0, w + 3*w + 32 = -j. Let a = 20 + j. What is the highest common factor of a and 20?
4
Let i = 579 - 570. Suppose 5*r + 2*t = 2*r + 20, 0 = 3*r - 4*t - 14. What is the greatest common divisor of r and i?
3
Let l = 66 + -36. What is the greatest common divisor of l and 240?
30
Suppose -35 - 5 = -x. Suppose -4*z - b + 39 = 0, 3*z - 7*z + 4*b + 44 = 0. What is the greatest common divisor of z and x?
10
Suppose 3*i + k = 165, -3*i - 28 = -4*k - 193. Calculate the highest common factor of 22 and i.
11
Let y(q) = -q**3 + 4*q**2 + 6*q - 4. Let r be y(5). Let f be 8/(-3 + 4) + r. What is the highest common factor of 81 and f?
9
Suppose -2*s = s - 5*x - 13, 2*s + 4*x = -6. Calculate the highest common divisor of s and 6.
1
Suppose -26 = -4*n - 2. Calculate the highest common divisor of n and 4.
2
Let l be (1/3)/((-4)/(-2004)). Let y = l + -107. Let p be 249/21 - 3/(-21). Calculate the highest common factor of p and y.
12
Let d be (-1 - 0)*(-10)/5. Suppose 0 = v + 4*x + 1, x - 1 = -d. Let l be (-2)/v*18/(-4). Calculate the greatest common divisor of l and 21.
3
Suppose 0 = -p + 2*p + 13. Let b(x) = x**3 + 14*x**2 + 12*x - 11. Let m be b(p). What is the greatest common divisor of m and 2?
2
Let r be (36/63)/((-4)/(-42)). Calculate the highest common factor of 54 and r.
6
Let m(r) = r**2 + 9*r + 10. Let y be m(-8). Let f be y/((-2 + 5)/3). Suppose -s + 12 + f = 0. Calculate the highest common factor of s and 126.
14
Let q be 4/10 + 54/15. Suppose 0 = -q*l + 3*p - 4, -3*l + 2*p + 18 = 5*p. Suppose l + 0 = w. Calculate the highest common divisor of w and 18.
2
Suppose -7*c + 3*c = -256. Calculate the highest common divisor of c and 8.
8
Suppose -55 = -5*u + 75. What is the highest common factor of u and 182?
26
Let m(g) = -g**2 - 16*g - 5. Let s be m(-15). Calculate the highest common factor of s and 10.
10
Suppose -3*y + 5*w + 49 = w, 3*w - 57 = -4*y. Suppose -2*m + 49 + y = 0. Calculate the highest common factor of 256 and m.
32
Let f(n) = -2*n - 11. Let g be f(-8). Let l = g - 1. What is the greatest common divisor of l and 4?
4
Let k(r) = r**2 - 3*r - 17. Let o be k(7). Calculate the greatest common factor of 88 and o.
11
Let n(c) = 7*c**2 - 16*c + 8. Let o(k) = 3*k**2 - 8*k + 4. Let f(t) = 2*n(t) - 5*o(t). Let x be f(4). Calculate the highest common factor of x and 12.
12
Let q be (-1)/(-1) + -2 - 3. Let k be 21/(-6)*(-12 - q). Calculate the greatest common factor of k and 4.
4
Suppose r = 3*r - 84. What is the highest common divisor of 6 and r?
6
Let y = 28 + -21. Calculate the highest common divisor of y and 35.
7
Let p = -8 - -16. Let d be 372/21 - (-12)/42. Let f be 20/6*d/5. Calculate the greatest common divisor of f and p.
4
Suppose 0 = -l - 2*l + 27. What is the greatest common factor of 3 and l?
3
Let h be (1/(-1))/1*88. Let d = 133 + h. Calculate the greatest common factor of d and 15.
15
Let i = 188 - -82. Suppose -3*z - i = 3*n, 3*n = 4*z - 71 - 171. Let x = -51 - n. What is the highest common divisor of x and 5?
5
Let q = 11 + 2. Let a be q + -10 - (0 + 1). Calculate the highest common divisor of 3 and a.
1
Let q be 1/(-2) + 2/4. Suppose 0 = 4*i - 2*m - 4 - q, 0 = -3*i - 5*m - 10. Suppose i*u + 44 = 4*u. Calculate the greatest common factor of u and 44.
11
Let t be 24/6 - -57*3. Calculate the highest common factor of t and 70.
35
Suppose 271 = 5*g + 4*h + 84, -4*g + 143 = h. Suppose 0*i + g = 5*i. Calculate the highest common divisor of i and 7.
7
Let c = 102 + -66. Let v be (-3)/2*(-16)/6. Calculate the highest common factor of v and c.
4
Let z(a) = -a**3 - 4*a**2 - a - 11. Let w be z(-5). Suppose 0 = 6*t + 7 - w. Calculate the greatest common divisor of 1 and t.
1
Suppose 30 = -4*h - 3*z, 5*h - 3*h - 5*z = -2. Let i be 27/h*(-24)/9. Suppose 5*r = 0, -4*r + 85 = 5*m - 215. What is the greatest common divisor of m and i?
12
Let s(n) = 5*n. Let u be 7 - (-3)/(-3) - -3. Let k = u + -3. Let l be s(k). Calculate the highest common divisor of 12 and l.
6
Let w be (31 + -9)*14/4. Suppose -l - 3*l - 24 = 0. Let m be (-51)/l + (-6)/4.